t k be z(-8). Suppose 2 + l = h, 2*n - 2*h = -k. What is the units digit of n?
1
Let z = 65 + -33. What is the units digit of z?
2
Suppose 30 = -2*o - 4*y, -77 = 5*o - y + 20. Let u = -13 - o. What is the units digit of u?
6
Let c = 19 - 9. What is the tens digit of c?
1
Let d = -1 + 36. What is the units digit of d?
5
What is the tens digit of -11 + 32 - (-1 - -1)?
2
Suppose x + 2 = 7. Suppose 4*m - 121 = 5*g, 2*g + x*m = -2*g - 105. Let k = -8 - g. What is the tens digit of k?
1
Suppose 2*y + 10 = -2. Let r(a) = -a - 9. Let d be r(0). Let h = y - d. What is the units digit of h?
3
Let o be (-5)/(0 - 3/54). Suppose 9*j = 4*j + o. Suppose -5*x = d - j, -5*d + 0*d + 3 = -4*x. What is the units digit of x?
3
Let o = -103 - -284. What is the tens digit of o?
8
Let h = -162 - -278. Suppose -2*u - h + 44 = -2*w, w + 3*u = 48. What is the units digit of w?
9
Let g be (75/5)/(6/16). Suppose -110 = -5*n - g. What is the tens digit of n?
1
Let p = -40 - -9. Let x = 61 + p. Suppose c + x = 4*c. What is the units digit of c?
0
Suppose 0 = 3*c + 4*l + 1, -4*l = 4*c - 1 - 3. Suppose -y = -c*m - 6, 4*y - 5*m = -3*m + 6. What is the units digit of y/1 + (2 - -6)?
9
Let c(v) be the third derivative of 5*v**4/24 - v**3/2 + 2*v**2. Let j(l) = l**3 - 7*l**2 + 7*l - 4. Let s be j(6). What is the units digit of c(s)?
7
Suppose 2*g - 3 = 1. Suppose g*p - 25 = -5. What is the tens digit of p?
1
Suppose 4*u - u - 117 = 0. What is the tens digit of u?
3
What is the tens digit of (-392)/(-16) + (-3)/2?
2
Let m(p) = 2*p**2 - p + 1. What is the units digit of m(-2)?
1
Let k be 2*1/(-1) + 3. Let c = 2 + k. What is the units digit of c?
3
Let b = 133 - 89. What is the units digit of b?
4
What is the units digit of ((-490)/28)/((-2)/28)?
5
What is the units digit of 207/(-6)*(-8)/6?
6
What is the tens digit of (-4 + -2)/(-2 - (-246)/132)?
4
Suppose b + 2 - 1 = 0. Let a be (-1)/(b*3/(-9)). What is the units digit of ((-6)/10)/(a/45)?
9
Let z be (4/14)/((-3)/(-21)). Suppose 2*n = 4*p - 12, 4*n - 3*p = -8*p + 28. Suppose 0*q = -n*j - 3*q + z, 3*q = -12. What is the units digit of j?
7
Suppose -47 = 5*h - 127. What is the units digit of (-12)/h - (-118)/8?
4
Let j = 4 + 2. Suppose -r - j = -4*r. What is the units digit of r?
2
Let h be 3 - (-3 - (-1 - 1)). Let o = -8 + 13. Let p = o - h. What is the units digit of p?
1
Let c(h) = -h**2 - 11*h - 12. Let z(n) be the second derivative of -n**5/20 - n. Let j be z(2). What is the units digit of c(j)?
2
What is the units digit of 5/50*5*138?
9
Let q = 37 - 18. What is the units digit of q?
9
Suppose 5*t = -5*d + 15, 3*t + 0*t = 3*d + 9. Let p be (2/(-6) - 1)*t. What is the units digit of (9/(-3))/(6/p)?
2
Let d(k) = -2*k + 2. Let l be d(-3). Let v = l + 40. What is the units digit of v?
8
Suppose 0*v - 12 = -v. What is the tens digit of v?
1
Suppose 2*k = 4*p + 4*k - 24, -4*k = -16. Suppose 0 = -p*b - 0*b + 12. Suppose 4*z = b + 33. What is the units digit of z?
9
Let u = -32 - -22. Let t = -7 - u. Suppose 2*r - 45 = -5*w - 3*r, t*w - 5*r = 51. What is the units digit of w?
2
Suppose 1 = -u + 4. Let k = u + 1. Suppose 5*i - 17 = -4*p, -1 = -5*p - k*i + 27. What is the units digit of p?
8
Let d(i) = i**2 + 9*i - 2. What is the tens digit of d(6)?
8
Let l(f) = -f**2 + 6*f + 10. Suppose -5*i + 5*v - v = -31, -3 = -i + 4*v. Let d be l(i). What is the units digit of (7 - 1)/(2/d)?
9
Let f be (42/35)/((-4)/(-10)). Suppose f = -a + 5. Suppose -2*m + a*p = -2 - 10, -3*p - 12 = -2*m. What is the units digit of m?
6
Let s be -3*(1 + 10/(-3)). Let y = s - 3. What is the units digit of 2*4*2/y?
4
Let q(w) = -w - 1. Let c be q(1). Suppose -5*h = -4*t - t + 35, 0 = 3*t - 4*h - 17. Let a = t + c. What is the units digit of a?
9
Let x be 3 + 1 - (-15)/(-5). Let y = 11 + x. What is the tens digit of y?
1
Let p = -1 - 0. Let n be p*(5 + 0)*1. What is the units digit of 5/(n/(-6)) + -1?
5
Let b(g) = -5 + 3 + 0 + 0 + 14*g. What is the units digit of b(1)?
2
Let x be (1 - 1)/(0 - 1). Suppose 2*m + x*m = 24. What is the units digit of m?
2
What is the tens digit of 0 + 3/1 + 12?
1
Let q = 283 - 174. What is the tens digit of q?
0
Suppose -2*n = -2*b + 6*b - 14, -5*n + 20 = -5*b. What is the units digit of b?
1
Let g(a) = -13*a + 22. What is the hundreds digit of g(-7)?
1
Suppose -2*f + 94 = 4*n, 0 = -f - 3 - 0. Suppose 0 = -2*i + 2*t - t + n, 2*i = -5*t + 19. What is the units digit of i?
2
Let p(v) = -38*v**2 - v - 1. Let t be p(-1). Let c be (t + 0/(-3))*2. What is the units digit of c/(-12) - (-2)/3?
7
Let m be (-53)/11 + 24/(-132). What is the units digit of 4 - (3 + m - -3)?
3
Let z(k) = k**2 + 4*k + 5. Let d be z(-4). Suppose -4*q - d*o + 50 - 8 = 0, -4*o = -q + 21. What is the units digit of q?
3
Let z = -32 + 81. What is the tens digit of z?
4
Suppose 24*r - 28*r + 340 = 0. What is the units digit of r?
5
Let m(w) = w**3 - 6*w**2 + 5*w + 2. Let j be m(5). Suppose -j*i + i = -17. What is the tens digit of i?
1
Let c = -10 - -120. Let m be c/(-6) - (-6)/(-9). Let g = 29 + m. What is the tens digit of g?
1
Suppose 4*w - 5*a - 558 = 0, -2 = a - 4. What is the hundreds digit of w?
1
Suppose -2*h - 2*l = 0, -l = -4*h - 6*l - 5. Suppose -4*m + h*m = 10. What is the units digit of m?
0
Let f be (-12)/8 - (-1)/(-2). What is the units digit of 5*f/(-6)*3?
5
Let p = 8 + -12. Let u(l) = -l**2 - 3*l + 1. Let g be u(p). What is the units digit of g/(-2*3/8)?
4
Let g(b) = b**2 + b - 47. What is the tens digit of g(11)?
8
Let q(v) = -2*v - 7. Let j be q(-6). Suppose -3*s = 5*d - 0*s - j, -2*d + 4*s = -2. Let z = d + 0. What is the units digit of z?
1
Let k = 81 - 15. What is the units digit of k?
6
Let g(p) = 11*p - 1. What is the tens digit of g(1)?
1
Let f = -4 + 0. Let y(n) = 7*n + 1. Let a(b) = 8*b + 1. Let z(h) = 5*a(h) - 6*y(h). What is the units digit of z(f)?
7
What is the units digit of ((-28)/70)/((-1)/145)?
8
Let o(s) = 6*s**2 + 2*s + 1. Let u be o(-1). Suppose -u*a + 7 = -r - 1, -5*r = -5*a. What is the units digit of a?
2
Let b = 5 - 3. Suppose 0 = b*s - 0 - 24. What is the units digit of s?
2
Suppose -3*q + 120 = -q. What is the units digit of q?
0
Suppose -b + m - 2 = 0, -3*b - 2*m = 2*b - 25. Let z be (-1 - -7)/b*-1. What is the units digit of 2*(z - (0 - 4))?
4
Let s = 9 - 6. Suppose 2*v + 5*j = 3, v + 4*v + 21 = -s*j. Let n(l) = -l**2 - 6*l + 1. What is the units digit of n(v)?
1
Let g be -1 + -3 + 14 - 2. What is the tens digit of (0 - (-10)/4)*g?
2
Let q(k) = k**2 - 1. Let w(r) = 3*r**2 - 21*r - 5. Let l(j) = -5*q(j) + w(j). What is the units digit of l(-9)?
7
Suppose 214 - 90 = 4*t. What is the units digit of t?
1
Let b = -1 + 0. Let s be (3/6 - b)*-2. Let m = -2 - s. What is the units digit of m?
1
Suppose -4*b - 4*d = -2*d - 788, -4*d = -5*b + 959. What is the tens digit of b?
9
Let f(x) = -4*x - 4. Let h = -23 + 18. What is the tens digit of f(h)?
1
Suppose 8*i - 216 = -0*i. What is the tens digit of i?
2
Suppose -3*m + 4*h + 20 = 0, 0 = h + 4*h + 25. Let p be -3 - -5 - (-78 + m). Suppose -2*c + 6 = -r - 32, 4*r = 4*c - p. What is the units digit of c?
8
Suppose -5*t + 4*v - 2*v = -118, -3*v = -3. What is the tens digit of t?
2
Suppose -d = -42 - 146. What is the units digit of d?
8
Let a = 8 - -1. Suppose -46 = -a*p + 7*p. What is the units digit of p?
3
Let d = -10 - -17. Suppose 2*l - 3*l = -d. What is the units digit of l?
7
Let m = 15 - -19. What is the tens digit of m?
3
Suppose z - 2*u = 5, 4 = 2*u - 0. Suppose 0 = -2*t + t + z. What is the units digit of t?
9
Let n = 9 + 20. What is the units digit of n?
9
Let q(j) = j + 5*j + 3 - j**2 + 0*j. What is the units digit of q(6)?
3
Suppose 0*i - q = -4*i - 26, 4*i + 18 = -3*q. What is the tens digit of ((-40)/i)/(-4)*-18?
3
Suppose n = 3*c + 4*n - 141, 92 = 2*c + 3*n. Suppose -5*a + c = -26. What is the units digit of a?
5
Let i(p) = p**3 - 7*p**2 + 5*p - 7. Let y = 15 + -8. What is the tens digit of i(y)?
2
Let f(t) = -t**2 - 5*t + 1. Let j be f(-5). Let y be 10/(j/(-2)*-4). Let h = 2 + y. What is the units digit of h?
7
Let v(p) = 7*p**3 + 10*p**2 + 8*p + 1. Let r(n) = n**3 + n**2 + n. Let k(b) = 6*r(b) - v(b). Let j be k(-2). Let g = j - -6. What is the units digit of g?
1
What is the units digit of (7 + 115/(-25))/((-6)/(-40))?
6
Let b = 51 - -8. What is the tens digit of b?
5
